 2 + 0*c. Let y be v(2). Let x(k) = -k**2 + 6*k + 10. Determine x(y).
-6
Suppose -603*n = -590*n. Let h(d) = d**3 - 2*d + 6. What is h(n)?
6
Let v(x) = 5*x + 5. Suppose 73 = -17*j + 22. What is v(j)?
-10
Let n(c) = -2*c + 1. Let w(s) = -s**2 - 3*s + 1. Let m be w(-3). Let g be 2 + (-5)/(-5) + m. Suppose -3*z = -3*h - 8*z - 18, 5*h - g*z = 7. Give n(h).
3
Suppose 3*c = -1 - 2. Let o = 6 + c. Let d(p) = 2*p**2 - o*p**2 + 3 + 4*p**2 - 6*p. What is d(2)?
-5
Let g(w) be the second derivative of -w**4/12 - w**3/3 - 4*w**2 + 2*w. Let j(a) be the first derivative of g(a). Give j(-4).
6
Let k(m) = 5*m - 10. Let b(r) = -r**3 - 34*r**2 - 65*r - 25. Let y be b(-32). What is k(y)?
25
Let h(t) = -t**2 + 487 + 477 - 958. Give h(0).
6
Let r(k) = -12*k - 5*k**2 + 4*k**3 + 7 + 10*k**2 + 8*k + 6. Suppose 0*d = 4*d + 36. Let v(g) = g**3 + g**2 - g + 3. Let w(m) = d*v(m) + 2*r(m). Determine w(1).
0
Let q(f) = -2*f - 1. Let p(v) be the third derivative of -v**6/120 - v**5/60 + v**4/24 + v**3/3 - 40*v**2. Let s be p(0). Calculate q(s).
-5
Let j(z) = -z**3 - 4*z**2 + 98*z + 10 + 91*z - 180*z. Give j(-6).
28
Let c be (1/2)/((-3)/42). Let a = 2 - c. Suppose 4*z - a = 3. Let f(l) = -l**2 + 6*l - 3. Give f(z).
6
Let b(c) = 83 - 82 - 167*c + 4*c**2 - c**3 + 164*c. Determine b(2).
3
Let q(x) = x**3 - 12*x**2 + 10*x + 10. Suppose 9*i = 3*i + 30. Suppose 0*g = -i*g + 55. Calculate q(g).
-1
Let b(p) be the first derivative of p**4/4 - 7*p**3/3 - 4*p**2 + 6*p - 92. Determine b(8).
6
Suppose 5*r + 5*z - 15 = 25, -5*z + 16 = -r. Let n(w) = -w + 3. Calculate n(r).
-1
Let y(r) = r**2 - 5*r - 20. Let u be y(8). Let c(v) = -v + 8. What is c(u)?
4
Let w be -1 + -2 + -1 - -9. Suppose -b + j - 1 = 5, -15 = -w*b - 4*j. Let x(l) be the first derivative of 2*l**3 + l**2/2 + 1. What is x(b)?
5
Suppose 13 = 8*n + 5. Let z(q) = 11*q**3 - q**2 - 6. Let u(r) = -r**3 + 1. Let i(f) = 6*u(f) + z(f). What is i(n)?
4
Let h(b) be the third derivative of 46*b**2 + 1/6*b**3 + 0*b + 1/30*b**5 + 0 + 0*b**4. What is h(1)?
3
Let i(v) be the third derivative of -v**6/120 - v**5/12 + 7*v**3/6 - 427*v**2 + v. Calculate i(-5).
7
Let k = -41 - -39. Let v(m) be the second derivative of 0 + 2*m - m**2 - 7/6*m**3. Give v(k).
12
Let x(y) be the second derivative of y**4/12 - y**3 - 5*y**2/2 - 3*y - 3. Calculate x(6).
-5
Suppose -5*o - 17 = 2*m - 62, 20 = -4*m. Let g(y) = y - 2*y**2 - 17 + o + 7. Determine g(-2).
-9
Let t(o) = 2 + 2*o - o**2 + 3*o**2 + o**3 + o**2. Let f = 54 + -75. Let h = f - -19. Give t(h).
2
Let d(j) = -j**3 - 10*j**2 - j - 5. Let h(s) = s**2 - s + 1. Let v(i) = d(i) + 4*h(i). Let t(w) = w**3 + 13*w**2 - 26*w + 55. Let a be t(-15). Calculate v(a).
-1
Suppose 5 + 1 = g. Let z(t) = 0 + 2 + 16*t - 21*t + 0*t**2 + t**2. What is z(g)?
8
Let i(n) = n**2 - 10*n + 20. Let m be i(8). Suppose s - m = g - 1, -3*s = 0. Let x be 3 - (g + 1 + 2). Let u(d) = -d**3 + 3*d**2 + d - 2. Determine u(x).
1
Let b(r) = -14*r**2 + r. Suppose 4*u - 3*c = -19, 4*u - 4*c - 13 = -37. Determine b(u).
-15
Suppose z - 2 = -0*z. Suppose 2*k - z*q = -q - 3, -q = 4*k - 3. Let x(r) = -1 + r**3 + 0 - 2*r + r**2 + k. Give x(2).
7
Let k = 253 - 240. Let h(q) = -q**3 + 11*q**2 + 25*q + 15. Determine h(k).
2
Let l(t) = 2*t + 14. Let y(i) = -i - 2. Let k(b) = -l(b) - 3*y(b). Suppose 5*c = 3*a - 2*a + 24, 0 = 4*c - 2*a - 18. Give k(c).
-3
Suppose -2*l - 7 = 5*y, 11*l = 3*y + 8*l. Let n(c) = -20*c. Calculate n(y).
20
Let b(f) = 4*f - 74. Suppose 206*p - 223*p + 340 = 0. What is b(p)?
6
Suppose 4*g - 34 = 2*d, -1 = 4*d + 3. Let t(s) = 4*s - 4. Let l(p) = -6*p + 6. Let a be 4 + (-2 - -1 - -2). Let f(h) = a*l(h) + g*t(h). Calculate f(3).
4
Let z(w) = -25*w + 1. Suppose 9*x + 120 - 129 = 0. Give z(x).
-24
Let s(a) = a - 9. Let q = 439 + -435. Calculate s(q).
-5
Let b(r) = r - 91 + 43 + 47 + 2*r. Calculate b(6).
17
Let d(g) = -131*g + 397*g - 134*g + 4 - 131*g. Calculate d(10).
14
Let l(v) = -v**3 + 5*v**2 - 6*v + 5. Let f = -2 + 5. Let k be -1 - (3 - (f + 0)). Let h(n) = 4*n**2 - n - 1. Let s be h(k). Give l(s).
-3
Suppose 0 = u + 3*p, -18*p = -2*u - 16*p. Let i(z) = z + 5. What is i(u)?
5
Let s(n) = 15*n + 46. Let v(i) = 7*i + 22. Let r(q) = -6*s(q) + 13*v(q). Give r(-5).
5
Let p(d) = -d**2 + 2*d - 1. Suppose y - 52 = -48. Let u be (-2)/y - (-56)/16. Calculate p(u).
-4
Let g = 13 - 9. Suppose -213 = -l - 31. Let t(a) = 5 - a**3 + 7*a - l*a**2 + 185*a**2 - 3*a. Determine t(g).
5
Let z(c) = 4*c**2 + 6*c + 2. Let n(i) = i**2 + i. Let p(a) = 5*n(a) - z(a). Let k(q) = -q**2 + 11*q - 11. Let o be k(8). Let y = -16 + o. Determine p(y).
10
Let d(o) = -o + 5. Let g(i) = i**3 - 7*i**2 + 2*i - 8. Let s be 1*(-3 + 14 + -4). Let j be g(s). Give d(j).
-1
Let t be (-1)/4 + (-369)/(-36). Let l(n) = t*n - 6*n - 2*n - n - 7. Determine l(0).
-7
Let b(q) be the second derivative of -1/24*q**4 - 13/2*q**2 + 2*q + 0 - 2/3*q**3. Let y(k) be the first derivative of b(k). Determine y(-3).
-1
Let k = 9 - 7. Let i be (-5 + 6)/(k/6). Let a(d) = d**2 + 0*d**2 - d + i*d - 6 + 5. Determine a(-2).
-1
Let a = 4 - 6. Let y(w) = 2*w**2 + 3*w + 1. Let n be y(a). Let x(t) = 9*t + 2*t**2 - t**n - 8*t - 2 - 3*t. What is x(2)?
-6
Let v(x) be the second derivative of x**8/6720 - x**7/840 + x**6/360 - x**5/120 + x**4/4 + 40*x. Let j(w) be the third derivative of v(w). What is j(2)?
-1
Let z be ((-2)/6)/(16/18 + -1). Suppose -i + q + 2 - 3 = 0, z*i + 5*q = 37. Let c(w) = w**3 - 5*w**2 + 7*w - 6. Give c(i).
6
Let j(g) = -g**2 + 10*g - 7. Let h be j(9). Let z(o) = -13*o - o**3 - h - 2 + 5*o - 8*o**2. Give z(-7).
3
Let l(u) = 3*u + 6. Let r(f) = -17*f + 1115. Let c be r(66). Calculate l(c).
-15
Let v(o) = -7*o**2 - 20*o - 5. Let l(n) = -3*n**2 - 10*n - 2. Let i(d) = 5*l(d) - 2*v(d). Calculate i(-9).
9
Let p(l) = -5*l + 2. Let k = -858 + 856. Give p(k).
12
Let c = -66 - -64. Let y be (-1)/c - (-95)/38. Let n(s) = -s + 6. Calculate n(y).
3
Let v(b) be the third derivative of -b**4/12 - 6*b**3 - 136*b**2. Calculate v(-14).
-8
Let x(b) = 3 - 2 + 3 - 2*b + b. Suppose 103*q - 91*q + 36 = 0. Determine x(q).
7
Let n(l) = l**2 + 0 - 1 - 20 - 1 + 15*l. Let q be n(-16). Let b(o) = -o - 1. Let j be b(q). Let g(y) = y**3 - 5*y**2 + 3. Give g(j).
3
Let c(x) = 8*x + 1. Let a(z) be the second derivative of -z**5/10 + z**3/6 + 2*z. Let u be a(1). Give c(u).
-7
Let q(y) = y**2 - y - 1. Let r be 0/(34/(-51)*(-6)/(-4)). Suppose 5*z = -z - r*z. Determine q(z).
-1
Let p(k) = -k + 2. Let z be (-9)/15*(-280)/24. Give p(z).
-5
Let l(x) = -12*x**3 + x**2 + 2*x + 1. Suppose -17 = -4*j - h - 2, 35 = 3*j - 4*h. Suppose z = -4*z - j. What is l(z)?
12
Let a(u) be the third derivative of -25*u**4/24 + u**3/3 - 7*u**2 + 9. Determine a(3).
-73
Let b(z) = -z - 3. Let v(u) = -52 + u + 22 + 18. Let i be 1 - (0/(-1) - 11). Let g be v(i). Calculate b(g).
-3
Suppose -4*g = 5*l + 45, -8*l + 4*l - 35 = 3*g. Let o(w) = -2*w - 7. Give o(l).
3
Suppose l = -4*x, -16 = 4*l - 7*l + 4*x. Let c(k) be the second derivative of k**4/12 - k**3/6 - k**2 - k. Give c(l).
10
Let u(z) = z + 5. Let r(p) = p**3 - 12*p**2 - 26*p - 13. Let y be r(14). Let x be 18/(-42) - y/(-35). Determine u(x).
5
Suppose g + 5*r - 25 = -3*g, -29 = -5*g - 4*r. Let x(a) be the second derivative of -a**4/12 + 5*a**3/6 + a**2 + 8*a + 7. Determine x(g).
2
Let o = -855 - -845. Let n(l) = -2*l + 5. What is n(o)?
25
Let z(c) be the first derivative of 4*c - 1 + 2*c**2 + 1/12*c**4 - 2/3*c**3. Let q(f) be the first derivative of z(f). What is q(3)?
1
Let y(q) = -q**2 + q - 2. Let z = 15 - 9. Suppose 2*k = -4*k + z. Let j = k - 1. Determine y(j).
-2
Suppose -9*a - 6 = 66. Let j(x) = -x**2 - 8*x - 12. What is j(a)?
-12
Let n(y) be the second derivative of y**7/2520 + y**6/720 - y**5/120 + 13*y**4/12 - 22*y. Let k(r) be the third derivative of n(r). Calculate k(1).
1
Let w(x) = x**2 + 4*x + 5. Let y = 13 - 8. Suppose y*h = h + 20. Suppose -4*g - 2*d - 7 = 19, -2*d + 19 = -h*g. Determine w(g).
10
Let o(s) be the third derivative of s**4/12 - s**3/3 + 15*s**2. Let v(t) = -t + 1. Let y(d) = 3*o(d) + 5*v(d). What is y(2)?
1
Let x = 4 + -2. Let i(u) = u**2 - 2*u**x + 1 - 6*u + 9. Suppose -5*v + 6*r - 8*r = 35, r + 14 = -2*v. What is i(v)?
3
Let r = 26 - 24. Let p(s) be the second derivative of -r*s**2 - 7*s - 1/6*s**3 + 0. What is p(3)?
-7
Let i(x) = 7 - 2 - 7 - x**2 + 6*x - 